me factors of 80827184.
2, 449, 11251
List the prime factors of 169148926.
2, 84574463
List the prime factors of 3768253.
3768253
List the prime factors of 58972957.
523, 112759
What are the prime factors of 2677157680?
2, 5, 23, 1454977
What are the prime factors of 327597715?
5, 19, 3448397
List the prime factors of 42704509.
42704509
List the prime factors of 5654128655.
5, 7, 161546533
List the prime factors of 131689987.
11, 13, 83719
What are the prime factors of 2656198875?
3, 5, 11, 643927
List the prime factors of 14171660.
2, 5, 708583
List the prime factors of 9769956.
2, 3, 7, 107, 1087
What are the prime factors of 1020482960?
2, 5, 7, 1249, 1459
What are the prime factors of 615151655?
5, 53, 73, 31799
What are the prime factors of 169936083?
3, 1423, 4423
List the prime factors of 115225266.
2, 3, 13, 173, 8539
What are the prime factors of 1106672938?
2, 7, 11292581
List the prime factors of 21062724.
2, 3, 109, 16103
What are the prime factors of 1604398064?
2, 1279, 78401
List the prime factors of 131803401.
3, 863, 50909
What are the prime factors of 117624187?
117624187
What are the prime factors of 92697428?
2, 19, 1219703
What are the prime factors of 171866653?
7, 24552379
List the prime factors of 9592979.
11, 872089
What are the prime factors of 90397263?
3, 11, 29, 59, 1601
What are the prime factors of 48535624?
2, 1483, 4091
What are the prime factors of 369824470?
2, 5, 36982447
List the prime factors of 3419530485.
3, 5, 7, 31, 463, 2269
What are the prime factors of 58344144?
2, 3, 103, 11801
What are the prime factors of 931982596?
2, 67, 97, 35851
What are the prime factors of 4292194779?
3, 257, 68729
What are the prime factors of 78584890?
2, 5, 1427, 5507
List the prime factors of 2146890911.
11, 195171901
List the prime factors of 40666480.
2, 5, 508331
What are the prime factors of 188924454?
2, 3, 103, 33967
What are the prime factors of 49443942?
2, 3, 521, 15817
What are the prime factors of 1053237066?
2, 3, 7, 113, 647
What are the prime factors of 475231883?
7, 67890269
List the prime factors of 353492859.
3, 117830953
What are the prime factors of 254177310?
2, 3, 5, 59, 163, 881
List the prime factors of 187602228.
2, 3, 11, 473743
List the prime factors of 271585277.
5623, 48299
What are the prime factors of 661248396?
2, 3, 937, 19603
List the prime factors of 12525606.
2, 3, 695867
What are the prime factors of 89972332?
2, 83, 457, 593
List the prime factors of 119404234.
2, 79, 733, 1031
List the prime factors of 450798704.
2, 59, 107, 4463
List the prime factors of 10934929.
137, 79817
What are the prime factors of 158675616?
2, 3, 11, 50087
List the prime factors of 35559530.
2, 5, 3555953
List the prime factors of 2258599154.
2, 7, 83, 1943717
What are the prime factors of 28047509?
7, 619, 6473
List the prime factors of 266028909.
3, 3581, 24763
What are the prime factors of 1079286107?
1079286107
What are the prime factors of 789980677?
29, 59, 461707
What are the prime factors of 168497951?
43, 3918557
What are the prime factors of 2940252979?
1723, 1706473
List the prime factors of 201068044.
2, 17, 419, 7057
List the prime factors of 1534609.
1534609
What are the prime factors of 25890589?
2113, 12253
What are the prime factors of 611123265?
3, 5, 37, 122347
List the prime factors of 5000168886.
2, 3, 223, 3737047
List the prime factors of 198475703.
257, 772279
List the prime factors of 8903874.
2, 3, 7, 211997
List the prime factors of 26040945.
3, 5, 7, 23, 41, 263
List the prime factors of 3657820413.
3, 13, 43, 2181169
List the prime factors of 295659234.
2, 3, 13, 29, 47, 103
List the prime factors of 767913338.
2, 31, 79, 156781
What are the prime factors of 520107114?
2, 3, 86684519
List the prime factors of 1248636158.
2, 7, 11, 263, 30829
What are the prime factors of 5239732363?
43, 1069, 113989
What are the prime factors of 30693753?
3, 23, 148279
What are the prime factors of 120368803?
120368803
What are the prime factors of 144210669?
3, 683, 70381
List the prime factors of 6684007193.
47, 1979, 71861
What are the prime factors of 74106006?
2, 3, 13, 59, 16103
What are the prime factors of 104961130?
2, 5, 19, 131, 4217
What are the prime factors of 290094528?
2, 3, 17, 31, 47, 61
What are the prime factors of 640826234?
2, 31, 83, 124529
What are the prime factors of 9663490?
2, 5, 53, 18233
What are the prime factors of 807478098?
2, 3, 7, 3769, 5101
List the prime factors of 641761.
641761
What are the prime factors of 2083386229?
59, 643, 54917
What are the prime factors of 65131168?
2, 2035349
List the prime factors of 153213979.
17, 9012587
List the prime factors of 31429989.
3, 1433, 2437
List the prime factors of 215049154.
2, 313, 343529
List the prime factors of 99119897.
419, 236563
What are the prime factors of 81360188?
2, 7, 13, 37, 863
List the prime factors of 237352118.
2, 2531, 46889
List the prime factors of 874455549.
3, 11, 4919, 5387
What are the prime factors of 34781369?
7, 37, 134291
List the prime factors of 88255523.
331, 266633
List the prime factors of 34128533.
47, 726139
List the prime factors of 83417122.
2, 41708561
List the prime factors of 9383109.
3, 3127703
List the prime factors of 823333182.
2, 3, 7, 71, 39443
List the prime factors of 132086547.
3, 53, 67, 4133
List the prime factors of 2891514761.
2891514761
What are the prime factors of 42752?
2, 167
List the prime factors of 1269550896.
2, 3, 41, 645097
What are the prime factors of 88550321?
88550321
List the prime factors of 954973497.
3, 19, 16753921
What are the prime factors of 2492945896?
2, 7, 23, 1935517
What are the prime factors of 139993030?
2, 5, 277, 50539
What are the prime factors of 5001537626?
2, 601, 4161013
List the prime factors of 40442587.
113, 463, 773
What are the prime factors of 1434861087?
3, 11, 1493, 29123
What are the prime factors of 384533503?
59, 6517517
List the prime factors of 3547947947.
2267, 1565041
List the prime factors of 36931227.
3, 59, 137, 1523
List the prime factors of 63966443.
59, 1084177
List the prime factors of 162059307.
3, 173, 312253
What are the prime factors of 1155394933?
7, 11, 15005129
List the prime factors of 87438542.
2, 43719271
List the prime factors of 308246087.
1451, 212437
What are the prime factors of 20608929?
3, 11, 89, 2339
List the prime factors of 38732512.
2, 7, 13, 47, 283
List the prime factors of 106723739.
17, 6277867
List the prime factors of 4072665124.
2, 11, 19, 4871609
List the prime factors of 2560577728.
2, 40009027
List the prime factors of 4433077.
11, 36637
List the prime factors of 32646602.
2, 16323301
What are the prime factors of 312238590?
2, 3, 5, 19, 547787
What are the prime factors of 208923496?
2, 1259, 20743
List the prime factors of 1550036943.
3, 7, 13, 270371
What are the prime factors of 13262211?
3, 54577
What are the prime factors of 46695783?
3, 563, 27647
List the prime factors of 138019026.
2, 3, 23003171
List the prime factors of 5586108558.
2, 3, 14887, 62539
List the prime factors of 17694563.
131, 293, 461
List the prime factors of 3228215472.
2, 3, 2490907
List the prime factors of 52241648.
2, 23, 141961
List the prime factors of 33164244.
2, 3, 41, 22469
What are the prime factors of 78851394?
2, 3, 233, 2089
What are the prime factors of 3488012?
2, 11, 79273
List the prime factors of 41305075.
5, 7, 233, 1013
List the prime factors of 64042821.
3, 67, 106207
What are the prime factors of 390019970?
2, 5, 23, 61, 27799
List the prime factors of 1673459593.
13, 128727661
List the prime factors of 97465072.
2, 149, 40883
List the prime factors of 34591778.
2, 13, 1330453
What are the prime factors of 73458502?
2, 13, 193, 14639
List the prime factors of 239319614.
2, 193, 619999
What are the prime factors of 50994571?
67, 761113
List the prime factors of 13777656.
2, 3, 673, 853
List the prime factors of 56469868.
2, 7, 13, 155137
What are the prime factors of 16061540?
2, 5, 11, 6637
List the prime factors of 505028949.
3, 19, 8860157
What are the prime factors of 49406002?
2, 31, 796871
What are the prime factors of 37592387?
7, 79, 67979
List the prime factors of 26452411.
26452411
What are the prime factors of 1762382525?
5, 19, 3710279
List the prime fact